 k be (-9390)/(-27) - (-3 - (-200)/72). Let v = k + -229. Calculate the remainder when v is divided by 114.
5
Suppose 23*v - 545 = -39. What is the remainder when ((-16)/(-6))/((-11)/(-264)) is divided by v?
20
Suppose 0 = -3*t + 31*t - 2968. Suppose 2*y = 4*c - t, -2 + 4 = -2*y. Calculate the remainder when 200 is divided by c.
18
Let y(x) = 12*x**2 + 8 + 7*x + x - 37*x + 13*x + 9. Calculate the remainder when y(3) is divided by 11.
0
Suppose 5*q + 2 = 5*t + 27, -5*q + 49 = t. Let o = 44 - q. What is the remainder when 85 is divided by o?
15
Let b = -9694 - -9865. What is the remainder when b is divided by 102?
69
What is the remainder when 836/66*(-6 + 57) is divided by 74?
54
Calculate the remainder when (1 + -5)*((-4)/82 - (-1590129)/(-28044)) is divided by 17.
6
Let g = 14261 + -14258. Let i = -15 + 39. Suppose 4*s - 6*s = -i. Calculate the remainder when s is divided by g.
0
Let a(v) = -v**3 + 9*v**2 + 17*v - 23. Let s be a(8). Let x = 230 - s. Calculate the remainder when 207 is divided by x.
48
Suppose -248 = -11*z - 6. Calculate the remainder when 63 is divided by z.
19
Suppose -4*i + 7*i - 48 = 0. Let w = 371 - 345. What is the remainder when w is divided by i?
10
Let x(a) = -3*a**2 + 12*a - 3. Let r be x(3). What is the remainder when (-6)/(-4) + 1926/12 is divided by r/(-3) + 2 + 15?
12
Let n = -2751 + 3530. What is the remainder when n is divided by 130?
129
Let h(s) = 10*s + 96. Suppose -128*v + 30 = -122*v. Calculate the remainder when h(v) is divided by 3.
2
Suppose -17*p - 27*p - 1628 = 0. Let t = p + 83. What is the remainder when 179 is divided by t?
41
Let h(c) = 15*c**2 + c - 32. Let v be h(5). Suppose -3*g + v = -g. What is the remainder when g is divided by 11?
9
Suppose 3*x + 0*w = 3*w + 18, 0 = -3*w - 9. Suppose 0 = 9*s - x*s. Suppose s = 5*m - 52 - 58. What is the remainder when 103 is divided by m?
15
Let l(w) = -w**2 - 4*w - 3. Let x be l(-1). Suppose x = -7*h + 52 + 25. What is the remainder when (129/9)/((-2)/(-6)) is divided by h?
10
Let q = 39 + -36. Suppose 4*f - 54 - 457 = -q*v, -3*v - 505 = -4*f. Calculate the remainder when f is divided by 26.
23
Suppose -107*q - 17*q + 16368 = 0. Calculate the remainder when 921 is divided by q.
129
Let h = -380 + 502. Let c(p) = 90*p**3 - p**2 + p. Let y be c(1). Let i = h - y. What is the remainder when i is divided by 18?
14
Suppose 16 = 4*s - 4. What is the remainder when (-2 - 8/(-3))/(118/5133) is divided by ((-24)/s)/(18/(-60))?
13
Suppose -1033*r + 31441 = 451. Let k(s) = 3*s**2 - 2*s + 3. What is the remainder when k(-5) is divided by r?
28
Let c be (-3 - -1)/(1/(-4)). Suppose -l + c = 1. Let p(t) = t**3 - 7*t**2 - t + 9. Calculate the remainder when 11 is divided by p(l).
1
Suppose 2*h = -4*s, -3*s - 4*h = 2*s. Suppose b - 4*b + 15 = s, 5*n = -2*b + 530. Calculate the remainder when n is divided by 35.
34
Let d be (-3 - 0)*((1 - 4) + 5). What is the remainder when 137 is divided by ((-21)/(-4))/((-651)/112 - d)?
25
Let q be (33/9 - 9)/(2/(-45)). Suppose 0 = -8*i + 2*i + q. Suppose 3*p - 32 = 76. What is the remainder when p is divided by i?
16
Suppose -2*c = -5*j + c + 45, -5*c - 45 = -5*j. Calculate the remainder when 42 is divided by 36/j + 3/(12/32).
6
Let w = 65589 - 65582. Suppose 8*j - 108 = 4*j. Calculate the remainder when j is divided by w.
6
Let q be 1/(-8) - 15/(-120). Let o(t) = 3*t + 36. Let h = 64 - -76. Calculate the remainder when h is divided by o(q).
32
Let p be -18*((-16)/3 + 4). Suppose -5*g = -51 - p. Let y = 80 - g. Calculate the remainder when y is divided by 33.
32
Let q(d) = 15*d + 36. Let s be q(5). Let z = -91 + s. What is the remainder when 118 is divided by z?
18
Suppose -2*h + 4*j = -7460, 2*h - 4578 = -2*j + 2900. What is the remainder when 200 is divided by (-8)/(-28) - h/(-56)?
66
Let h = 100370 + -100275. Let b = -100 - -141. What is the remainder when h is divided by b?
13
Let m = 3458 - -2643. What is the remainder when m is divided by 14?
11
Suppose 2*m = -3*f + 85, -5*f + 3*m + 168 = 20. Let k(r) = 5*r - 24. Suppose 0*i + 64 = 8*i. Calculate the remainder when f is divided by k(i).
13
Let r(v) = -9 + v + 20 + 9. Let d be r(-8). Suppose 6*k = 4*k + d. Calculate the remainder when 64 is divided by k.
4
Suppose -596 - 529 = -4*x - 21*x. Calculate the remainder when 350 is divided by x.
35
Let h(c) = 4*c + 100. Let j(p) = -p**2 - 19*p - 41. Let u be j(-18). What is the remainder when 29 is divided by h(u)?
5
Suppose 5*x + 3*f = 205, f - 42 = 2*x - 124. Suppose -11*y = -12*y - 3*j + x, 4*y = j + 112. What is the remainder when 142 is divided by y?
26
Let i = 138 + -75. Suppose 0 = 14*a - 17*a + i. What is the remainder when a is divided by 4 + (-1)/(-1)*2?
3
Suppose 2*r = -0*r + 3*n + 71, r - n - 34 = 0. Suppose -2141*x = 651*x - 86552. Calculate the remainder when x is divided by r.
0
Let y = -3522 + 3791. What is the remainder when y is divided by 73?
50
Let w(c) = -19*c. Calculate the remainder when w(-3) is divided by ((-4)/52)/((-328)/(-1066)) - (-162)/8.
17
Let o(u) = u + 14. Let t be o(-11). Let b(z) = -2*z**t + 3 + 10*z**2 + 1 + 11*z - 10*z**2 - 23*z**2. Calculate the remainder when 77 is divided by b(-12).
13
Let c(n) = -76*n**2 - 2*n + 1. Let b be c(1). Let w be (-14)/b - (1134/(-33))/(-2). Let r = 57 - w. What is the remainder when r is divided by 39?
35
What is the remainder when ((-603)/(-15) - 13)*30 is divided by 20?
16
Suppose -292*n = 75*n - 680418. What is the remainder when n is divided by 40?
14
Let p = -468 - -878. Let j = -318 + p. What is the remainder when j is divided by 19?
16
Suppose -f + 488 = -3*d, 3*d = 2*f - 1415 + 436. Let a = -247 + f. What is the remainder when a is divided by 35?
34
Suppose 0*o = -o + 60. What is the remainder when (3 - (-39)/(-11))*(-896764)/1374 is divided by o?
56
Calculate the remainder when 87 is divided by (-117)/(-5) - (-63)/(5355/(-34)).
18
Suppose -7*s - 28 = -2*c - 11*s, -5*s - 10 = -5*c. What is the remainder when (142/c + 1)*(-36)/(-24) is divided by 7?
2
Suppose -20*c = -6762 - 2418. Let i = c + 72. What is the remainder when i is divided by 41?
39
Suppose 0 = 5*z - 102*y + 105*y - 1129, -4*y = 3*z - 673. What is the remainder when z is divided by 73?
8
Let d = 101 - 44. Let u = 375 + -355. Calculate the remainder when d is divided by u.
17
Let q(t) = 241 - 30 - 4*t + 14*t - 7*t + 24*t. Calculate the remainder when 144 is divided by q(-5).
68
Let f = 469 + -475. Calculate the remainder when (-945)/(-6)*f/(-5) is divided by 24.
21
Let s(x) = x**3 + 12*x**2 + 11*x. Let o be s(-11). Suppose 3*r + 95 = 4*h, o = 2*h - 0*r - 2*r - 50. Calculate the remainder when 178 is divided by h.
18
Suppose -205 + 1038 = 17*b. Calculate the remainder when 279 is divided by b.
34
Calculate the remainder when 122 is divided by ((-275)/(-30) - 1)/((-12)/(-72)).
24
Calculate the remainder when 183/((-10)/(-160)*8) is divided by 34.
26
Let g(c) = 9*c**2 - 7*c. What is the remainder when g(6) is divided by (-10*(1 + 0))/((-5136)/2568)?
2
Let l(u) = -2*u**3 - u**2 + 4*u + 59. Let g be l(-7). Suppose -5*w + 275 = -z - g, -2*w = -5*z - 391. Calculate the remainder when w is divided by 49.
41
Let c(x) be the first derivative of -x**4/4 - 8*x**3/3 + 4*x**2 - 3*x - 3756. Let q be 1/(-4) + 70/(-8). Calculate the remainder when 7 is divided by c(q).
1
Let f be ((-12)/(-8))/(8/16). Calculate the remainder when (10 - (f + 12)) + 28 + -1 is divided by 7.
1
Let b = -33365 - -33382. Calculate the remainder when (88/(-6))/((-1)/9) is divided by b.
13
Let t(v) = 5*v**2 - 378*v - 137. Let g(y) be the second derivative of y**5/10 + y**4/4 - y**3/2 + 6*y. What is the remainder when g(4) is divided by t(76)?
14
Let w(u) = -2*u - 8. Let d be w(-6). Suppose 0 = f - d. Suppose 119 + 21 = 10*m, 0 = -0*j + j - 2*m + 23. Calculate the remainder when j is divided by f.
1
Let v be 14/(-10) + 6/(-10). What is the remainder when 1/2 - 267/v is divided by 36?
26
What is the remainder when 1062 is divided by (2 + -3)*-273 - (6 - (19 + -18))?
258
Suppose -4019 = -349*z + 9941. What is the remainder when 200 is divided by z?
0
Let g = 31 - 26. Let x(u) = -4*u**3 - 6*u**3 - 36*u - 19*u**2 + g*u**3 - 18 + 4*u**3. What is the remainder when 46 is divided by x(-17)?
14
Suppose 2*i + 5*k = -0*i - 6, 0 = 5*i + k - 8. Suppose 